{"id":53,"date":"2021-04-30T10:46:49","date_gmt":"2021-04-30T08:46:49","guid":{"rendered":"http:\/\/localhost\/www\/wordpress\/?page_id=53"},"modified":"2025-08-01T14:59:18","modified_gmt":"2025-08-01T12:59:18","slug":"nos-expertises","status":"publish","type":"page","link":"https:\/\/www.kanoa-consulting.com\/index.php\/nos-expertises\/","title":{"rendered":"Nos activit\u00e9s"},"content":{"rendered":"\n<div class=\"wp-block-group\"><div class=\"wp-block-group__inner-container is-layout-constrained wp-block-group-is-layout-constrained\">\n<div class=\"wp-block-columns is-layout-flex wp-container-core-columns-is-layout-9d6595d7 wp-block-columns-is-layout-flex\">\n<div class=\"wp-block-column is-layout-flow wp-block-column-is-layout-flow\">\n<p><\/p>\n\n\n\n<p><\/p>\n\n\n\n<p><strong>NOTRE APPROCHE : vous offrir LA bonne r\u00e9ponse gr\u00e2ce \u00e0 notre capacit\u00e9 \u00e0 combiner conseil, coaching, facilitation et\/ou formation. <\/strong><\/p>\n\n\n\n<p>Parce que chaque client est particulier, parce que chaque contexte l&rsquo;est \u00e9galement, avec des enjeux singuliers, nous  \u00e9tudions l&rsquo;approche optimale en mixant nos savoir-faire et en puisant dans notre bo\u00eete \u00e0 outils.<\/p>\n\n\n\n<p>Qui plus est, nous proposons syst\u00e9matiquement un suivi afin de s&rsquo;assurer de l&rsquo;ancrage et de la r\u00e9ussite p\u00e9renne de notre intervention. <\/p>\n\n\n\n<p><strong>Bref, nous op\u00e9rons de mani\u00e8re PRAGMATIQUE en alliant les meilleurs pratiques qui nous permettront d&rsquo;obtenir des r\u00e9sultats durables.  <\/strong><\/p>\n<\/div>\n<\/div>\n<\/div><\/div>\n\n\n\n<div class=\"wp-block-cover alignfull\"><span aria-hidden=\"true\" class=\"wp-block-cover__background has-nv-dark-bg-background-color has-background-dim-100 has-background-dim\"><\/span><div class=\"wp-block-cover__inner-container is-layout-flow wp-block-cover-is-layout-flow\">\n<div style=\"height:30px\" aria-hidden=\"true\" class=\"wp-block-spacer\"><\/div>\n\n\n\n<h2 class=\"wp-block-heading has-nv-light-bg-color has-text-color\" id=\"block-363e1f12-ab80-43df-a84d-95f5ab0fb9f9\">Le #conseil op\u00e9rationnel <\/h2>\n\n\n\n<div class=\"wp-block-columns are-vertically-aligned-center is-layout-flex wp-container-core-columns-is-layout-9d6595d7 wp-block-columns-is-layout-flex\">\n<div class=\"wp-block-column is-vertically-aligned-center is-layout-flow wp-block-column-is-layout-flow\">\n<div style=\"height:10px\" aria-hidden=\"true\" class=\"wp-block-spacer\"><\/div>\n\n\n<div class=\"wp-block-image\">\n<figure class=\"aligncenter size-large is-resized\"><img decoding=\"async\" src=\"https:\/\/www.kanoa-consulting.com\/wp-content\/uploads\/2023\/01\/Capture-decran-2023-01-15-213015.png\" alt=\"\" style=\"width:376px;height:auto\"\/><\/figure>\n<\/div><\/div>\n\n\n\n<div class=\"wp-block-column is-vertically-aligned-center is-layout-flow wp-block-column-is-layout-flow\">\n<div style=\"height:10px\" aria-hidden=\"true\" class=\"wp-block-spacer\"><\/div>\n\n\n\n<h2 class=\"wp-block-heading has-nv-light-bg-color has-text-color has-medium-font-size\" style=\"font-style:normal;font-weight:800\"><strong>Exp\u00e9rience client<\/strong><\/h2>\n\n\n\n<p class=\"has-nv-site-bg-color has-text-color\">&#8211; <strong>Diagnostic<\/strong> de l\u2019exp\u00e9rience client : nous proposons un diagnostic terrain, reposant sur une d\u00e9marche \u00e9prouv\u00e9e et vous apportant une vision sans filtre<br>&#8211; <strong>D\u00e9finition et refonte de parcours clients<\/strong><br><strong>&#8211; Approche commerciale <\/strong>: d\u00e9finition de l\u2019offre storytelling, accompagnement sur les postures commerciales<br>&#8211; <strong>Refonte et digitalisation de processus m\u00e9tiers<\/strong><\/p>\n\n\n\n<div style=\"height:10px\" aria-hidden=\"true\" class=\"wp-block-spacer\"><\/div>\n\n\n\n<p class=\"has-nv-light-bg-color has-text-color has-medium-font-size\"><strong>Structuration d\u2019activit\u00e9s <\/strong><strong>&nbsp;<\/strong><\/p>\n\n\n\n<p class=\"has-nv-site-bg-color has-text-color\">&#8211; Accompagnement dans le lancement de <strong>nouvelles activit\u00e9s<\/strong><br>&#8211; <strong>Transformation des syst\u00e8mes d\u2019information : <\/strong>Sch\u00e9ma directeur SI, audit\u2026<br>&#8211; <strong>Pilotage de projets <\/strong>strat\u00e9giques et transverses<\/p>\n<\/div>\n<\/div>\n<\/div><\/div>\n\n\n\n<div style=\"height:60px\" aria-hidden=\"true\" class=\"wp-block-spacer\"><\/div>\n\n\n\n<h2 class=\"wp-block-heading has-text-align-left has-nv-dark-bg-color has-text-color\">Le #coaching op\u00e9rationnel<\/h2>\n\n\n\n<div class=\"wp-block-columns is-layout-flex wp-container-core-columns-is-layout-9d6595d7 wp-block-columns-is-layout-flex\">\n<div class=\"wp-block-column is-vertically-aligned-top is-layout-flow wp-block-column-is-layout-flow\">\n<p><strong>Le d\u00e9veloppement de l\u2019efficience et de la <\/strong><strong>r\u00e9silience <\/strong><strong>professionnelle <\/strong>passe par la capacit\u00e9 \u00e0 se conna\u00eetre, \u00e0 manager autrement des \u00e9quipes et des individus, \u00e0 g\u00e9rer ses priorit\u00e9s, ne plus subir son stress et \u00e0 communiquer de mani\u00e8re adapt\u00e9e et assertive aupr\u00e8s de diff\u00e9rentes parties prenantes.<\/p>\n\n\n\n<p><strong>Nous vous aidons \u00e0 accompagner vos collaborateurs (op\u00e9rationnels, managers ou cadres dirigeants) sur vos enjeux<\/strong> au travers d\u2019un coaching op\u00e9rationnel, passant par une mise en action concr\u00e8te et un alignement des comp\u00e9tences, postures et softskills.<\/p>\n\n\n\n<div class=\"wp-block-buttons is-layout-flex wp-block-buttons-is-layout-flex\">\n<div class=\"wp-block-button\"><a class=\"wp-block-button__link wp-element-button\" href=\"https:\/\/www.kanoa-consulting.com\/index.php\/le-coaching-operationnel-by-kanoa\/\">D\u00e9couvrez notre d\u00e9marche !<\/a><\/div>\n<\/div>\n<\/div>\n\n\n\n<div class=\"wp-block-column is-layout-flow wp-block-column-is-layout-flow\"><div class=\"wp-block-image\">\n<figure class=\"aligncenter size-full is-resized\"><img loading=\"lazy\" decoding=\"async\" width=\"581\" height=\"386\" src=\"https:\/\/www.kanoa-consulting.com\/wp-content\/uploads\/2023\/01\/Capture-decran-2023-01-16-215546.png\" alt=\"\" class=\"wp-image-671\" style=\"aspect-ratio:1.511111111111111;width:438px;height:auto\" srcset=\"https:\/\/www.kanoa-consulting.com\/wp-content\/uploads\/2023\/01\/Capture-decran-2023-01-16-215546.png 581w, https:\/\/www.kanoa-consulting.com\/wp-content\/uploads\/2023\/01\/Capture-decran-2023-01-16-215546-300x199.png 300w\" sizes=\"auto, (max-width: 581px) 100vw, 581px\" \/><\/figure>\n<\/div><\/div>\n<\/div>\n\n\n\n<div style=\"height:50px\" aria-hidden=\"true\" class=\"wp-block-spacer\"><\/div>\n\n\n\n<div class=\"wp-block-cover alignfull\"><span aria-hidden=\"true\" class=\"wp-block-cover__background has-nv-dark-bg-background-color has-background-dim-100 has-background-dim\"><\/span><div class=\"wp-block-cover__inner-container is-layout-flow wp-block-cover-is-layout-flow\">\n<div style=\"height:30px\" aria-hidden=\"true\" class=\"wp-block-spacer\"><\/div>\n\n\n\n<h2 class=\"wp-block-heading\"><\/h2>\n\n\n\n<h2 class=\"wp-block-heading\">                                             La #formation <\/h2>\n\n\n\n<div class=\"wp-block-columns is-layout-flex wp-container-core-columns-is-layout-9d6595d7 wp-block-columns-is-layout-flex\">\n<div class=\"wp-block-column is-layout-flow wp-block-column-is-layout-flow\"><div class=\"wp-block-image\">\n<figure class=\"aligncenter size-full is-resized\"><img decoding=\"async\" src=\"https:\/\/www.kanoa-consulting.com\/wp-content\/uploads\/2023\/01\/Image1.png\" alt=\"\" class=\"wp-image-705\" style=\"aspect-ratio:0.6633663366336634;width:365px;height:auto\"\/><\/figure>\n<\/div><\/div>\n\n\n\n<div class=\"wp-block-column is-layout-flow wp-block-column-is-layout-flow\">\n<p class=\"has-link-color wp-elements-87b5d6f068eb6ced08be2c19f9ef7680\">Certification Qualiopi obtenue (<a href=\"https:\/\/www.kanoa-consulting.com\/wp-content\/uploads\/2025\/08\/Certificat-Qualiopi.png\">lien vers le certificat<\/a>) !<\/p>\n\n\n\n<p class=\"has-text-align-left\">Conscients que la formation constituait \u00e0 la fois une <strong>compl\u00e9mentarit\u00e9 <\/strong>dans notre approche mais \u00e9galement un v\u00e9ritable <strong>levier <\/strong>de transformation, nous avons d\u00e9velopp\u00e9 une offre de formation focus transformation projets et managers.<\/p>\n\n\n\n<p class=\"has-text-align-left\">Pour ce faire, Kanoa Formation a \u00e9t\u00e9 cr\u00e9e en juillet 2023.  <\/p>\n\n\n\n<p class=\"has-text-align-left has-nv-site-bg-color has-text-color has-link-color wp-elements-021ff618e485fa3ad78be6beeafc4c2a\"><br>Consultez notre <a href=\"https:\/\/www.kanoa-consulting.com\/wp-content\/uploads\/2025\/07\/Catalogue-de-formation-juillet-2025.pdf\" target=\"_blank\" rel=\"noreferrer noopener\">catalogue de formation <\/a><\/p>\n\n\n\n<p class=\"has-text-align-left has-nv-site-bg-color has-text-color has-link-color wp-elements-6f3ed56766cddf30914e390353210109\"><br>2023, note moyenne obtenue : 4,58\/5<br>2024, note moyenne obtenue : 4,63\/5<\/p>\n\n\n\n<p class=\"has-text-align-left has-nv-site-bg-color has-text-color has-link-color wp-elements-bce57ac276a077ef43799d9cff2f1234\">Taux de recommandation : 100%<br>Taux de fid\u00e9lisation : 100%<\/p>\n<\/div>\n<\/div>\n\n\n\n<div style=\"height:60px\" aria-hidden=\"true\" class=\"wp-block-spacer\"><\/div>\n<\/div><\/div>\n\n\n\n<div style=\"height:50px\" aria-hidden=\"true\" class=\"wp-block-spacer\"><\/div>\n","protected":false},"excerpt":{"rendered":"<p>NOTRE APPROCHE : vous offrir LA bonne r\u00e9ponse gr\u00e2ce \u00e0 notre capacit\u00e9 \u00e0 combiner conseil, coaching, facilitation et\/ou formation. Parce que chaque client est particulier, parce que chaque contexte l&rsquo;est \u00e9galement, avec des enjeux singuliers, nous \u00e9tudions l&rsquo;approche optimale en mixant nos savoir-faire et en puisant dans notre bo\u00eete \u00e0 outils. Qui plus est, nous&hellip;&nbsp;<a href=\"https:\/\/www.kanoa-consulting.com\/index.php\/nos-expertises\/\" rel=\"bookmark\">Lire la suite &raquo;<span class=\"screen-reader-text\">Nos activit\u00e9s<\/span><\/a><\/p>\n","protected":false},"author":1,"featured_media":0,"parent":0,"menu_order":0,"comment_status":"closed","ping_status":"closed","template":"","meta":{"neve_meta_sidebar":"","neve_meta_container":"","neve_meta_enable_content_width":"on","neve_meta_content_width":100,"neve_meta_title_alignment":"","neve_meta_author_avatar":"","neve_post_elements_order":"","neve_meta_disable_header":"","neve_meta_disable_footer":"","neve_meta_disable_title":"on","footnotes":""},"class_list":["post-53","page","type-page","status-publish","hentry"],"_links":{"self":[{"href":"https:\/\/www.kanoa-consulting.com\/index.php\/wp-json\/wp\/v2\/pages\/53","targetHints":{"allow":["GET"]}}],"collection":[{"href":"https:\/\/www.kanoa-consulting.com\/index.php\/wp-json\/wp\/v2\/pages"}],"about":[{"href":"https:\/\/www.kanoa-consulting.com\/index.php\/wp-json\/wp\/v2\/types\/page"}],"author":[{"embeddable":true,"href":"https:\/\/www.kanoa-consulting.com\/index.php\/wp-json\/wp\/v2\/users\/1"}],"replies":[{"embeddable":true,"href":"https:\/\/www.kanoa-consulting.com\/index.php\/wp-json\/wp\/v2\/comments?post=53"}],"version-history":[{"count":76,"href":"https:\/\/www.kanoa-consulting.com\/index.php\/wp-json\/wp\/v2\/pages\/53\/revisions"}],"predecessor-version":[{"id":959,"href":"https:\/\/www.kanoa-consulting.com\/index.php\/wp-json\/wp\/v2\/pages\/53\/revisions\/959"}],"wp:attachment":[{"href":"https:\/\/www.kanoa-consulting.com\/index.php\/wp-json\/wp\/v2\/media?parent=53"}],"curies":[{"name":"wp","href":"https:\/\/api.w.org\/{rel}","templated":true}]}}